es 6 divide 36509592?
True
Is 73 a factor of 16268780?
True
Does 678 divide 13705879?
False
Is 302147365 a multiple of 4745?
True
Does 140 divide 57720389?
False
Is 24 a factor of 54172113?
False
Does 8543 divide 1403452583?
True
Is 60913944 a multiple of 1033?
True
Is 1208643536 a multiple of 154?
False
Does 419 divide 8229579?
True
Is 175549631 a multiple of 30?
False
Is 24594815 a multiple of 75?
False
Is 391404364 a multiple of 1378?
True
Does 4 divide 45618156?
True
Is 54670120 a multiple of 340?
False
Is 8 a factor of 12176463?
False
Does 4 divide 180648066?
False
Is 270 a factor of 293330658?
False
Is 1706527596 a multiple of 1164?
True
Does 995 divide 1100551590?
True
Is 148 a factor of 519770364?
False
Does 7 divide 12949482?
True
Is 51786208 even?
True
Does 212 divide 171938784?
True
Does 74 divide 60567048?
False
Is 525 a factor of 314791050?
True
Does 203 divide 50798923?
True
Is 371 a factor of 32970029?
False
Does 878 divide 180182282?
True
Is 25 a factor of 91171338?
False
Is 9 a factor of 833469933?
False
Does 30 divide 827480?
False
Is 16226273 a multiple of 539?
False
Is 656 a factor of 746617781?
False
Is 42 a factor of 843515400?
True
Is 9920056 a multiple of 15?
False
Is 21 a factor of 37158849?
True
Is 101 a factor of 467043435?
False
Is 43 a factor of 438664199?
True
Does 193 divide 111656142?
False
Is 22921693 a multiple of 932?
False
Is 115992600 a multiple of 291?
True
Does 74 divide 222142672?
True
Does 483 divide 52285716?
True
Is 6 a factor of 95769024?
True
Is 3 a factor of 73762950?
True
Does 317 divide 2316474647?
True
Does 1755 divide 93792071?
False
Is 30558850 a multiple of 10?
True
Does 11 divide 30994352?
False
Is 165658870 a multiple of 169?
True
Does 282 divide 4121148?
True
Does 31 divide 44274696?
True
Is 3251 a factor of 6022308?
False
Is 3336 a factor of 354763584?
True
Does 2712 divide 1278677822?
False
Is 89 a factor of 951501964?
False
Is 2 a factor of 2151318?
True
Is 294 a factor of 4594632?
True
Does 28 divide 90087540?
False
Does 18 divide 264151247?
False
Does 1361 divide 56348122?
True
Is 221765346 a multiple of 74?
True
Is 1124928370 a multiple of 103?
False
Is 713 a factor of 1545987918?
True
Is 812 a factor of 1203646743?
False
Does 8 divide 1823172080?
True
Does 1448 divide 3955418?
False
Is 15 a factor of 211758485?
False
Is 806 a factor of 850738738?
False
Is 79 a factor of 3869553?
False
Is 118 a factor of 49426070?
True
Does 272 divide 67423193?
False
Does 94 divide 153030446?
False
Is 197 a factor of 130653158?
True
Is 250 a factor of 63320709?
False
Does 4 divide 506579?
False
Is 187185787 a multiple of 9?
False
Is 3021 a factor of 50976354?
True
Is 2622 a factor of 63934754?
False
Is 13361125 a multiple of 23?
False
Does 352 divide 69130688?
True
Is 264 a factor of 11271744?
True
Is 240684156 a multiple of 4001?
True
Is 38644720 a multiple of 8?
True
Is 25278400 a multiple of 2960?
True
Is 127170977 a multiple of 4733?
True
Is 36229686 a multiple of 102?
True
Is 16 a factor of 24553965?
False
Is 773 a factor of 1441259273?
True
Does 31 divide 296464067?
True
Is 13069337 a multiple of 19?
False
Does 48 divide 39063870?
False
Does 9 divide 127523549?
False
Does 147 divide 43353872?
False
Is 165831584 a multiple of 420?
False
Is 6 a factor of 1288981866?
True
Does 12 divide 20889932?
False
Is 736678729 a multiple of 647?
True
Does 178 divide 3064614812?
False
Is 3178383825 a multiple of 3401?
False
Is 35927496 a multiple of 27?
True
Is 268651421 a multiple of 8?
False
Is 528 a factor of 880065120?
True
Does 3438 divide 7745037012?
True
Is 128 a factor of 434601600?
True
Does 623 divide 5935944?
True
Does 87 divide 37232584?
False
Does 62 divide 52517396?
False
Is 2451280 a multiple of 260?
True
Is 52 a factor of 392358887?
False
Is 119 a factor of 26304474?
True
Is 9739128 a multiple of 7?
True
Is 112468050 a multiple of 18?
True
Is 46 a factor of 890397252?
True
Does 20 divide 30808269?
False
Does 54 divide 15266880?
True
Is 110232588 a multiple of 349?
False
Is 68792443 a multiple of 748?
False
Is 112129710 a multiple of 105?
True
Is 72127008 a multiple of 48?
True
Does 9 divide 2990853?
True
Is 8210 a factor of 643360400?
False
Is 79365274 a multiple of 53?
True
Is 97 a factor of 1401884?
False
Is 29 a factor of 962836917?
True
Is 116232616 a multiple of 2369?
True
Does 919 divide 246099010?
True
Does 25 divide 83396388?
False
Is 1948 a factor of 25643472?
True
Is 321939172 a multiple of 106?
True
Is 227 a factor of 46500496?
True
Does 22 divide 17864726?
True
Is 1607 a factor of 269374412?
False
Is 6951 a factor of 1268663481?
False
Does 3394 divide 26094067?
False
Is 32886172 a multiple of 680?
False
Does 152 divide 3095219397?
False
Is 22998325 a multiple of 19?
False
Does 13 divide 192410264?
False
Is 1738417767 a multiple of 17?
False
Does 75 divide 37950?
True
Is 675702 even?
True
Is 100168397 a multiple of 7?
True
Is 69686744 a multiple of 2536?
True
Does 8 divide 2471323?
False
Does 125 divide 15664500?
True
Is 115100377 a multiple of 27?
False
Is 54 a factor of 378502038?
True
Is 14 a factor of 5010606?
False
Is 664 a factor of 1266738846?
False
Does 800 divide 287379967?
False
Does 32 divide 36736527?
False
Is 2432210426 a multiple of 191?
True
Is 5 a factor of 49726560?
True
Is 1528 a factor of 329439856?
True
Does 20 divide 16058957?
False
Is 2392280 a multiple of 11?
True
Is 611443200 a multiple of 120?
True
Is 46 a factor of 1337407496?
True
Is 1300824853 a multiple of 2159?
False
Does 26 divide 3278776?
False
Is 7666 a factor of 140188142?
True
Does 52 divide 556910485?
False
Does 174 divide 63611964?
True
Does 909 divide 68222245?
False
Is 5 a factor of 56863331?
False
Is 13 a factor of 169122746?
True
Is 21920000 a multiple of 64?
True
Is 10 a factor of 77532050?
True
Is 7181 a factor of 227307374?
True
Is 5727887678 a multiple of 59?
True
Is 161865816 a multiple of 588?
True
Is 8450 a factor of 2757640600?
True
Is 3591435 a multiple of 5?
True
Is 4034015734 a multiple of 709?
True
Is 32 a factor of 7681578?
False
Does 2158 divide 5940268334?
True
Is 8634145069 a multiple of 990?
False
Is 4339 a factor of 198485674?
False
Is 211915089 a multiple of 1209?
False
Does 252 divide 31128300?
True
Is 140866074 a multiple of 58?
False
Is 727 a factor of 10172911?
True
Does 31 divide 461519175?
False
Is 38 a factor of 787976664?
True
Is 4 a factor of 946451732?
True
Is 21 a factor of 9391227?
False
Is 70149114 a multiple of 2569?
True
Does 1845 divide 152015139?
False
Is 30642498 a multiple of 18?
True
Does 2 divide 336028?
True
Does 43 divide 4289361?
False
Is 1101570056 a multiple of 7?
False
Is 1715 a factor of 204270135?
False
Is 20 a factor of 1127460390?
False
Does 103 divide 4211057253?
True
Is 241 a factor of 17184746?
True
Is 31782360 a multiple of 83?
True
Is 1236522222 a multiple of 83?
False
Is 82275936 a multiple of 18?
False
Is 32 a factor of 508590332?
False
Is 3896 a factor of 25686328?
True
Does 1565 divide 207143400?
True
Is 37 a factor of 3736808925?
False
Is 288731304 a multiple of 216?
True
Does 31 divide 2699821?
True
Does 6460 divide 1489556630?
False
Is 14873224 a multiple of 127?
True
Does 100 divide 37275600?
True
Is 622 a factor of 24127015?
False
Does 95 divide 287249838?
False
Is 138054265 a multiple of 383?
True
Is 776 a factor of 333659572?
False
Does 487 divide 136627363?
True
Is 10257576507 a multiple of 26?
False
Is 74 a factor of 13043092?
True
Is 70956129 a multiple of 184?
False
Does 63 divide 423441664?
False
Is 89 a factor of 11817331?
True
Is 2278479084 a multiple of 644?
True
Is 8314 a factor of 2909135112?
True
Is 24182141 a multiple of 13?
False
Is 874431908 a multiple of 8?
False
Is 69785669 a multiple of 9?
False
Is 2349 a factor of 94565584?
False
Is 1520315 a multiple of 3?
False
Is 14057069 a multiple of 67?
True
Is 130 a factor of 250866720?
True
Is 14704065 a multiple of 92?
False
Is 44 a factor of 9351748?
False
Does 1697 divide 46616590?
True
Is 2467 a factor of 1018769987?
False
Is 33 a factor of 48927665?
False
Is 27688754 a multiple of 11?
False
Does 43 divide 31455887?
False
Is 2657552788 a multiple of 22?
True
Is 701 a factor of 98391659?
True
Is 418 a factor of 39538202?
True
Does 132 divide 34018644?
True
Does 